What is the tens digit of y - o - 0/(-2)?
2
Suppose 3*x - 4*g + 1021 = 0, 0 = -5*x + 5*g - g - 1699. Let l = 525 + x. What is the units digit of l?
6
Let q(h) = -h**3 - 21*h**2 - 2*h - 35. Let n be q(-21). Let a(i) = 2*i**2 - 3*i + 10. What is the units digit of a(n)?
7
What is the units digit of 600/(-4)*(-3 - 88/12)?
0
Let u be 1/(-3 - 10/(-4)) - -7. Suppose g = 3*p - g - 43, -u = -5*g. What is the tens digit of p?
1
Suppose h + 900 + 288 = 0. Let l = h + 828. What is the units digit of (l/50)/((-1)/5)?
6
Let a be 5 - 8 - (-7 + 0). Let j be 39 + a + 1 + -1. Let u = -8 + j. What is the tens digit of u?
3
Let s be (-6)/27 - (-249)/27. Suppose 0 = n - 44 - s. What is the tens digit of n?
5
Let n(c) = -c**3 + c + 165. Let s = -23 - -23. Let f be n(s). What is the tens digit of 790/11 - (-30)/f?
7
Let s = 1373 - 906. What is the units digit of s?
7
What is the thousands digit of (-46750)/(-30) + -7 + (-4)/(-6)?
1
Let h(f) = -2*f**3 - 3*f**2 + 4. Let b be h(-2). Suppose -k = 3*k - b. What is the units digit of 1/(15/(-9) + k)?
3
Let t(f) = -10*f**3 + 2*f**2 + 3*f. What is the tens digit of t(-2)?
8
Let x = -6 - -18. Let u be (-2)/(-4) - (-42)/x. Suppose u*s - 49 = 19. What is the units digit of s?
7
Let o = 1147 + -654. Let l = -294 + o. What is the tens digit of l?
9
Suppose -5 = -y - 2. Suppose c + y = -0*c. What is the units digit of (-2)/c*3 + 7?
9
Suppose -3*u + 4*r = 17, -3*u + r = -0*u + 2. Let p = u + 8. What is the units digit of 1/(3/p*1)?
3
Let z = 1 + -1. Let u(h) be the third derivative of h**4/24 + h**3 - 6*h**2. What is the units digit of u(z)?
6
Let a(d) = -24*d**2 - 1. Let j be a(-1). Let r = j + 29. Suppose -45 = -r*q - q. What is the units digit of q?
9
Suppose -k = 2*q - 1294, -1298 = -8*q + 6*q - 2*k. What is the hundreds digit of q?
6
Let x(r) = r - 2. Let y be x(5). Suppose -2*b - 42 = 3*s, y*b - b + 50 = -5*s. What is the tens digit of (-14)/(-1)*b/(-6)?
3
Let c = -7 - -8. Suppose c = -2*k - 5, 0 = -3*l - 3*k - 99. What is the tens digit of (-2)/3*(l - 3)?
2
Let m(y) be the second derivative of -y**4/12 - 5*y**3/3 + 5*y**2/2 - 2*y. What is the tens digit of m(-8)?
2
Let v be ((-48)/(-9))/((-6)/(-9)). Let p = -8 + v. Suppose -3*b + p*w - 2*w + 99 = 0, -165 = -5*b - 5*w. What is the units digit of b?
3
Suppose u = -5*h - 8, 3*h + 70 + 2 = 5*u. Suppose -2*q + 5*q = -3*k - u, k + 5*q + 20 = 0. Suppose x - 2 - 1 = k. What is the units digit of x?
3
Suppose -32 = 3*r + 16. Let j be (-1)/7 - (-62)/(-7). Let a = j - r. What is the units digit of a?
7
Let l be (-3)/(1*9/(-15)). Suppose 3*p - 44 = -l*k + 26, -2*k = p - 24. Let z = 14 + p. What is the units digit of z?
4
Let j(a) = a**3 - 18*a**2 + 5*a + 2. Let g be j(18). Let w = g - 43. What is the units digit of w?
9
Suppose -3*j + 10 - 4 = 0. Let c be (-7 + 0)*j/(-2). Suppose 3*u - c = 20. What is the units digit of u?
9
What is the hundreds digit of 1/(-6) + ((-38465)/(-30) - -9)?
2
What is the tens digit of (-65)/(-39)*(-6)/(-20)*2038?
1
What is the units digit of ((-48)/(-4))/((-18)/(-2133))?
2
Suppose -4*f - b = -2951, 0*f - 3*b + 1473 = 2*f. What is the hundreds digit of f?
7
Suppose 4*f = 2517 - 737. What is the tens digit of f?
4
Suppose 1369 = 16*s - 743. What is the hundreds digit of s?
1
Let l(r) = -3*r - 21. Let q be l(-9). Let u(k) = -k**3 + 7*k**2 - 8*k + 2. Let j be u(q). What is the units digit of (-382)/j + 13/(-65)?
8
Let w be 0 + 3/(-9) - (-58)/(-6). Let i be 7 + (-3)/((-9)/(-6)). Let x = i - w. What is the units digit of x?
5
Let p be (4/(-12))/(2/(-36)). Let x = p + -6. Suppose f + x*f - 27 = 0. What is the units digit of f?
7
Suppose 14*q - 9721 = 29143. What is the units digit of q?
6
Suppose -5*b + 1636 = y - 2*b, -5*y + 8100 = -5*b. What is the hundreds digit of y?
6
Let g be 4/((-48)/502) + (-3)/18. Let r = 34 - g. What is the tens digit of r?
7
Let h = 9281 - 5825. What is the thousands digit of h?
3
Let p = -2008 + 5629. What is the tens digit of p?
2
Let a = 92 - 54. Let x = a + -29. What is the units digit of x?
9
Let u(r) = 77*r + 5 - 69*r + 6. What is the hundreds digit of u(12)?
1
Suppose 3*t + 91 = k, -26*k - 4*t + 126 = -25*k. What is the tens digit of k?
0
Let d = 15 + -16. Let y be 1/((-3)/135*1). What is the tens digit of (-2)/(((-6)/y)/d)?
1
Suppose -2*i + 1 = -6*n + 5*n, -15 = -5*i. Suppose -4*d - k + 91 = 0, 2*k - 23 - n = -d. What is the units digit of d?
2
Let o = 368 - 22. What is the hundreds digit of o?
3
Let l = -9 - -19. Suppose -g - 5*k + l = 0, 0*g = 2*g - 5*k + 25. Let v(i) = i**2 + 4*i + 1. What is the units digit of v(g)?
6
Let v(g) = 18*g**2 - 20*g + 3. What is the tens digit of v(7)?
4
Let r(p) = 27*p**3 + p**2 + 5*p - 9. What is the units digit of r(2)?
1
Let z = -1789 + 3801. What is the tens digit of z?
1
Suppose 0 = 944*r - 950*r + 3258. What is the tens digit of r?
4
Let s(m) = -80*m - 127. What is the tens digit of s(-6)?
5
Suppose -3*r + 372 = -5*m, 0 = 4*m - 4*r + 3*r + 292. Let a = 128 + m. What is the units digit of a?
6
Let x(l) = 9*l + 12. Let u be x(-4). What is the tens digit of (u/36)/((-2)/9) + 99?
0
Let a(k) = 22*k**2 + 2*k**3 + 2*k - k**3 - 2 + 29 - 29*k. What is the hundreds digit of a(-23)?
1
What is the units digit of -50*(142/(-10) - -5)?
0
Let u(t) be the third derivative of 11*t**4/24 + 37*t**3/6 - 19*t**2. What is the hundreds digit of u(7)?
1
Suppose 0 = -5*p + a + 3587, 2*a - 1442 = -7*p + 5*p. What is the units digit of p?
8
Suppose -56*x + 20 = -51*x. Suppose -3*o - 396 = -4*s + o, x*s = -3*o + 424. What is the units digit of s?
3
What is the hundreds digit of (-3 + -6)*(-6)/9*103?
6
Let r(q) = -3*q - 3*q - 8 + 1 - 3. Let p be r(-7). Suppose -k + 2*k - p = 0. What is the units digit of k?
2
Let k = -902 - -1280. What is the units digit of k?
8
Let y(u) = u**2 + 4*u + 2. Suppose k = 2*v + 13, 12 = -2*v + 3*k - 7. Let f = v - -11. What is the units digit of y(f)?
2
Let q(f) = f**2 - 40*f - 10. What is the units digit of q(-30)?
0
Suppose 2*s = 4*k, -5*k - 3 = -4*s - 0. Suppose t = -t + s. What is the units digit of 1 - (-27 - t)/1?
9
Let v = -432 - -692. What is the units digit of v?
0
Suppose -2*z = z + g - 297, 0 = 2*z - g - 198. What is the tens digit of z?
9
Suppose 0*p = 5*p - 10. Suppose -3*c - p*r - 43 = -214, 5*c + 3*r - 285 = 0. What is the units digit of c?
7
Let m be (-3 - 1)/1 + 4. Suppose -v + 2*f + 56 = m, -113 - 23 = -2*v - 2*f. What is the tens digit of v?
6
Let f(q) = 2*q + 1 + 2*q + 0 + 2 + 35*q**2. What is the tens digit of f(-2)?
3
Let t = 294 + -227. What is the tens digit of t?
6
Let x be 90/14 - (-12)/(-28). Suppose 4*t - 3*v = 35, t - x - 3 = v. What is the units digit of t?
8
Let m be (0 - 1)/(((-20)/185)/(-4)). Let p = m - -42. What is the units digit of p?
5
What is the hundreds digit of ((-4)/12 - -3)*276?
7
Let j(u) = 9*u**2 - 3*u + 6. Let w(x) = -17*x**2 + 6*x - 11. Let o(b) = -5*j(b) - 3*w(b). What is the tens digit of o(-3)?
6
Let c(a) = 6*a**3 - 7*a**2 - 3*a - 1. What is the units digit of c(9)?
9
Let w(c) = -41*c + 10. Let p(m) = m**3 - 2*m. Let v be p(-2). What is the tens digit of w(v)?
7
Let n(m) = -m + 4. Let t be n(2). Suppose -t*o - 3*o = s + 145, o + 50 = 4*s. What is the units digit of o/(-4)*(-2)/(-3)?
5
What is the hundreds digit of (-6)/(0 - 2)*(-12252)/(-18)?
0
Let w(i) = 167*i - 294. What is the units digit of w(5)?
1
Let x be 368/(-20) + (-2)/(-5). Let h be 22*2*(-9)/x. Suppose 0 = -a - 5 + h. What is the units digit of a?
7
Let i(f) = -f**2 + 14*f - 19. Let g be i(11). What is the tens digit of ((-132)/g)/(0 + 2/(-14))?
6
Suppose -13*a = -16*a - 15. What is the hundreds digit of (-974)/(-5) - 1/a?
1
Let s(j) = 443*j**2 - 6*j + 6. What is the hundreds digit of s(1)?
4
Let g(z) be the second derivative of z**4/12 - 5*z**3/6 - 5*z**2 - z. Let f be g(7). Suppose f*i = 2 + 22. What is the units digit of i?
6
Suppose 2 + 18 = 5*s. Suppose -t + s = 0, -5*y - 2*t + 980 = 3*t. What is the tens digit of y?
9
Suppose -3*k + 749 = 92. Let p = 372 - k. What is the hundreds digit of p?
1
Let f(g) = -2*g**2 - 2*g + 7. Let p be f(-5). Suppose 10*x - 165 + 685 = 0. Let t = p - x. What is the units digit of t?
9
Let w(d) = 136*d + 15. What is the tens digit of w(3)?
2
Let c(n) = -n**3 - 3*n**2 - n + 2. Let t = -15 - -12. Let u be c(t). Suppose 2*b = -3*b + u. What i